ate the highest common divisor of m and x.
9
Let r(y) = -y**3 - 8*y**2 + 7*y - 5. Let j be r(-9). What is the greatest common divisor of 39 and j?
13
Suppose -u + 135 - 27 = 0. Suppose -252 - u = -4*r + 2*v, 0 = r - 5*v - 108. What is the greatest common factor of r and 11?
11
Let f be 1 - 6/1*-1. Let g be (-1)/(2/(1184/(-4))). Let y = g - 99. Calculate the highest common divisor of f and y.
7
Let b be (-238)/(-8) - (-7)/28 - 4. What is the greatest common divisor of b and 78?
26
Suppose 26*f = 29*f - 54. Calculate the highest common factor of 45 and f.
9
Let x = 0 - -23. What is the greatest common factor of 23 and x?
23
Let y(i) = i**3 + 5*i**2 - 3*i + 9. Let s be y(-5). What is the greatest common divisor of s and 36?
12
Let p be ((-3)/9)/((-2)/(-18)). Suppose -i = a + 2 - 4, -8 = -4*a - 3*i. Let l be (a/(-3))/(p/18). Calculate the greatest common divisor of 12 and l.
4
Let u be 14*(-4)/(24/(-15)). Calculate the highest common factor of 7 and u.
7
Let d be ((-107)/(-3) - 6/(-18))*1. Calculate the highest common divisor of d and 4.
4
Let a(b) = -b**2 + 2*b - 4. Let j be a(6). Let x = j + 100. Let w(z) = -z**3 - 5*z**2 + 2*z - 6. Let d be w(-6). What is the highest common factor of d and x?
18
Suppose 0 = 10*s - 244 - 116. Calculate the greatest common divisor of 24 and s.
12
Let a(w) = w**2 - 3*w - 6. Let y be a(6). Calculate the highest common factor of y and 3.
3
Let t = 100 - 88. What is the greatest common divisor of t and 84?
12
Suppose 0 = -9*w + w + 1400. Calculate the greatest common divisor of w and 70.
35
Suppose -x + 27 = -t, -3*t - 102 = -4*x - 19. Let w be -1 + -2 + t/(-1). What is the greatest common divisor of w and 66?
22
Let j be 1/(1/(-2)) - -7. Suppose -4*z - 26 - 28 = -j*b, 8 = 2*z. What is the highest common factor of b and 35?
7
Let j be (-1)/2 - (-1)/2. Let r be (-14)/(-8) + (-5)/(-20). Suppose -r*h + 220 = -j*h. What is the greatest common divisor of 10 and h?
10
Suppose -r + 5*k = 3*r - 3, r = 2*k - 3. Calculate the greatest common factor of 1 and r.
1
Suppose 4 = 4*h + 7*d - 3*d, 2*h = -d + 3. Calculate the highest common divisor of h and 14.
2
Suppose 135 = 4*h - g, -3*h - g - 6 = -116. Calculate the highest common factor of 70 and h.
35
Let t be (6/(-8))/((-3)/(-12)). Let x = -3 - t. Suppose 3*b + 1 - 13 = x. Calculate the highest common divisor of 8 and b.
4
Suppose -z - 17 = -2*z. Let m be 68 + 0*(-4)/12. What is the highest common divisor of z and m?
17
Let h = 19 - -77. Suppose 2*g = -5*k + 49, -3*g - 5*k = g - 73. Calculate the greatest common factor of h and g.
12
Suppose 3*p + 114 = 5*d + p, p + 21 = d. Calculate the highest common factor of 96 and d.
24
Let f(p) = -p + 5. Let k be f(6). Let t be ((-7 - k) + 2)*-14. What is the greatest common divisor of t and 8?
8
Let i(w) = 49*w**3 - w + 1. Let g be i(1). Let p = 87 - g. Suppose 34 = 2*a - p. Calculate the greatest common divisor of a and 24.
12
Let v be 24/(-10)*(-50)/10. Calculate the greatest common divisor of 3 and v.
3
Let b be (-2)/12 - (-1106)/84. Let k(u) = -u**3 + 12*u**2 + 17*u - 17. Let o be k(b). What is the highest common factor of o and 14?
7
Let z(u) = u**2 + 10*u + 15. Let c be z(-9). Calculate the highest common factor of 48 and c.
6
Suppose -5*s + 2*z = -z - 145, -3*z = 2*s - 37. Calculate the greatest common factor of s and 65.
13
Suppose -5*v + 7 + 8 = 0. Calculate the greatest common factor of 24 and v.
3
Let q be (-6)/4*(-104)/12. What is the highest common factor of q and 13?
13
Suppose 0 = -2*f - 3*f - 65. Let s = f + 22. Calculate the highest common divisor of s and 63.
9
Let x be 9*1/(3/8). Let f be 642/4*(-20)/30. Let y = -71 - f. What is the highest common divisor of y and x?
12
Let b(v) = v**3 + 6*v**2 - 6*v + 6. Let j be b(-7). Let g be ((-4)/6)/(j/36). Let f be (2/(12/9))/((-3)/(-32)). Calculate the highest common factor of g and f.
8
Suppose 4*x - 128 = -0*x. Let r = x - 19. Suppose -2*m = m - 156. What is the highest common factor of r and m?
13
Let d = -19 - -28. What is the greatest common factor of 63 and d?
9
Let q = -123 - -195. What is the greatest common factor of 18 and q?
18
Suppose 0*i - 4*i = -48. What is the greatest common factor of 4 and i?
4
Let b(q) = -3*q - 4. Let a be b(-6). Let k be (24/(-14))/((-4)/a). What is the greatest common divisor of 24 and k?
6
Let m(k) = -k**3 - 5*k**2 + 5. Let h be m(-5). Suppose h*s - 3*b - 4 = 16, 2*s = 4*b + 8. What is the highest common factor of s and 16?
4
Let d(c) = -c**3 + 6*c**2 + 7*c - 14. Let h be d(6). Calculate the highest common factor of h and 7.
7
Let t(v) = -v**2 + 8*v + 5. Let a be t(5). What is the highest common divisor of a and 8?
4
Suppose 0 = -0*y - 5*y. Let z = 10 - 6. Suppose y*c - 40 = -z*c. Calculate the highest common divisor of 10 and c.
10
Let h be 1/1 - (-268)/(-2). Let j = -39 - h. Suppose 3*r + 5*l = 58, -l + 6 + j = 4*r. Calculate the greatest common factor of 65 and r.
13
Let a(t) = t + 5. Let f be a(7). Suppose 0*n + f = n + 2*z, -3*n + 4*z + 66 = 0. What is the greatest common divisor of 36 and n?
18
Suppose 0 = 2*u - 19 - 365. Suppose b - u = -3*b. Calculate the highest common divisor of b and 12.
12
Suppose 5 + 7 = 4*n. Suppose 8*g - n*g = 0. Suppose 0 = -k - g*k + 36. What is the greatest common factor of 12 and k?
12
Let q(s) = s + 13. Let c be q(12). Suppose -4*f - 10 = -3*n, -n + f - 5*f = -30. Calculate the greatest common divisor of c and n.
5
Let m(v) = 113*v**2 - v. Let r(l) = l**3 + 3*l**2 + 1. Let u be r(-3). Let j be m(u). Calculate the highest common divisor of 16 and j.
16
Let n(b) = 19*b - 11. Let h be n(3). Calculate the highest common divisor of h and 69.
23
Let y(k) = -k**2 - 12*k - 8. Let p be y(-8). Suppose 5*i = -d + 477, 6*d = -4*i + d + 369. Calculate the highest common divisor of p and i.
24
Let a = 22 + -33. Let l = 17 + a. Let f = -3 - -57. What is the highest common divisor of f and l?
6
Suppose -115 = -3*p + 2*g, -3*p + 4*p = -3*g + 20. What is the greatest common factor of 5 and p?
5
Let t be 17/34 + (-54)/(-4). What is the greatest common factor of t and 2?
2
Let a = 2 - 2. Suppose 0 = -h + 20 - a. Calculate the greatest common factor of h and 60.
20
Let z be 1 - (0 + 1)*-1. Suppose -4*l + 30 = -2*n, -5*n = 5*l - 3*l + 3. Calculate the highest common divisor of z and l.
2
Let l be 2 - 1 - (-2 - -3). Let g be 1 + l + 0 - -4. Let j(m) = -m**2 + 5*m + 6. Let x be j(g). Calculate the highest common divisor of x and 6.
6
Suppose -3*n = -n + 2. Let h be 2 + (404/n)/(-2). Suppose -p + 5*p = h. Calculate the highest common divisor of p and 34.
17
Suppose -h + 0*h - 2*d + 598 = 0, 2*h + 5*d = 1198. Calculate the highest common factor of h and 54.
54
Let f = -13 + 29. What is the highest common divisor of f and 48?
16
Suppose 12*n + 26 = 134. Calculate the greatest common factor of 18 and n.
9
Suppose 0 = -s - 3*h - 15 + 3, 4*s - 7 = -h. Suppose -160 = -s*m + 5. Let b be (-7)/(-1 - 0) + -2. What is the highest common factor of m and b?
5
Suppose -2 + 0 = k. Let d be k/5 - (-92)/5. Suppose -d = -v - 2*v. What is the greatest common factor of 18 and v?
6
Let q(f) = 2*f**3 - 23*f**2 - 11*f - 6. Let o be q(12). Calculate the highest common divisor of 2 and o.
2
Let d = 180 + -76. What is the greatest common divisor of 13 and d?
13
Let m be (-5)/(2*(-2)/4). What is the highest common divisor of 5 and m?
5
Let c be 16/6 + (-4)/6. Let t = c + 31. Calculate the highest common divisor of t and 3.
3
Let b(h) = 2*h - 2. Let a be b(3). Suppose 0 = -5*c - 4*o - 90, 4*c + o + 79 = -4. Let f = -16 - c. Calculate the highest common factor of f and a.
2
Let t be 6*(-4)/(-96)*16. Let c(k) = k**3 + 7*k**2 + 4*k - 2. Let d be c(-5). What is the greatest common divisor of t and d?
4
Suppose -8*w = -3*w - 35. What is the highest common divisor of 77 and w?
7
Let a = -116 - -263. What is the greatest common divisor of 21 and a?
21
Suppose -3*h + 29 = 2. Suppose 4*g - h*g + 50 = 0. What is the highest common factor of g and 4?
2
Let k(p) = 0*p**3 - 5 - 4*p**3 - 3*p + 3*p**3 - 2 - 6*p**2. Let n be k(-6). Let u = 5 + -4. What is the highest common divisor of u and n?
1
Let m = 3 - 11. Let i = m + 15. What is the highest common factor of 7 and i?
7
Suppose -3*r = -6*r + 336. Let l be -5*((-18)/5 - -3). Suppose 2*c - 90 = -3*c - 4*a, 85 = 5*c